{"id":132,"date":"2024-06-07T12:53:39","date_gmt":"2024-06-07T16:53:39","guid":{"rendered":"https:\/\/1230682.cpsw-fcsei.com\/bsrecords\/?page_id=132"},"modified":"2024-06-09T02:18:46","modified_gmt":"2024-06-09T06:18:46","slug":"artistes","status":"publish","type":"page","link":"https:\/\/1230682.cpsw-fcsei.com\/bsrecords\/artistes\/","title":{"rendered":"Artistes"},"content":{"rendered":"\n<div class=\"wp-block-group alignfull has-global-padding is-layout-constrained wp-container-core-group-is-layout-d46ca558 wp-block-group-is-layout-constrained has-background\" style=\"margin-top:0;margin-bottom:0;padding-top:0;padding-right:var(--wp--preset--spacing--30);padding-bottom:0;padding-left:var(--wp--preset--spacing--30);background-image:url(&apos;https:\/\/1230682.cpsw-fcsei.com\/bsrecords\/wp-content\/uploads\/2024\/06\/moreno-matkovic-ISPaMOgwdgM-unsplash.jpg&apos;);background-position:0% 50%;background-size:cover;\">\n<div class=\"wp-block-columns alignfull is-layout-flex wp-container-core-columns-is-layout-cdde3685 wp-block-columns-is-layout-flex\" style=\"padding-top:0;padding-right:0;padding-bottom:0;padding-left:0\">\n<div class=\"wp-block-column is-vertically-aligned-top herobox is-layout-flow wp-container-core-column-is-layout-12ab68bd wp-block-column-is-layout-flow\" style=\"border-style:none;border-width:0px;padding-top:var(--wp--preset--spacing--60);padding-bottom:var(--wp--preset--spacing--60);flex-basis:50%\">\n<h1 class=\"wp-block-heading has-text-align-center has-custom-e-1-e-1-e-1-color has-text-color has-link-color wp-elements-4f4879ec55a107973cd683100911b8be\" style=\"padding-top:var(--wp--preset--spacing--30);padding-bottom:var(--wp--preset--spacing--30)\">BROKEN SOUNDS<br>RECORDS<\/h1>\n\n\n\n<p class=\"has-text-align-center\">Plus que simplement des sons : <br>sans limites, sans fronti\u00e8res<\/p>\n\n\n\n<div class=\"wp-block-buttons is-content-justification-center is-layout-flex wp-container-core-buttons-is-layout-e511ce0b wp-block-buttons-is-layout-flex\" style=\"margin-top:var(--wp--preset--spacing--30);margin-bottom:var(--wp--preset--spacing--30)\">\n<div class=\"wp-block-button is-style-outline is-style-outline--1\"><a class=\"wp-block-button__link wp-element-button\" href=\"https:\/\/1230682.cpsw-fcsei.com\/bsrecords\/albums-2\/\">Voir nos albums<\/a><\/div>\n\n\n\n<div class=\"wp-block-button is-style-outline is-style-outline--2\"><a class=\"wp-block-button__link wp-element-button\" href=\"#infolettre\">Infolettre<\/a><\/div>\n<\/div>\n<\/div>\n\n\n\n<div class=\"wp-block-column is-vertically-aligned-center is-layout-flow wp-block-column-is-layout-flow\" style=\"flex-basis:50%\"><\/div>\n<\/div>\n<\/div>\n\n\n\n<div class=\"wp-block-group alignfull has-custom-e-1-e-1-e-1-color has-custom-262626-background-color has-text-color has-background is-layout-flow wp-block-group-is-layout-flow\" style=\"padding-top:100px;padding-right:100px;padding-bottom:100px;padding-left:100px\">\n<div class=\"wp-block-columns is-layout-flex wp-container-core-columns-is-layout-28f84493 wp-block-columns-is-layout-flex\">\n<div class=\"wp-block-column has-global-padding is-layout-constrained wp-block-column-is-layout-constrained\" style=\"flex-basis:100%\">\n<h2 class=\"wp-block-heading alignwide is-style-default has-custom-e-1-e-1-e-1-color has-text-color has-link-color has-xx-large-font-size wp-elements-a291fe3a5da43f5d878c40388460f56a\" style=\"padding-right:0;padding-left:0\">ORIGINES<\/h2>\n<\/div>\n<\/div>\n\n\n\n<hr class=\"wp-block-separator has-text-color has-css-opacity has-background alignwide is-style-wide\" style=\"background-color:#ffffff;color:#ffffff\"\/>\n\n\n\n<div class=\"wp-block-query has-global-padding is-content-justification-center is-layout-constrained wp-block-query-is-layout-constrained\"><ul class=\"has-link-color columns-2 alignwide wp-elements-af308fff6e38c59116680ecde4e20fd7 wp-block-post-template has-text-color has-custom-e-1-e-1-e-1-color is-layout-grid wp-container-core-post-template-is-layout-02493678 wp-block-post-template-is-layout-grid\"><li class=\"wp-block-post post-33 artiste type-artiste status-publish has-post-thumbnail hentry artiste-categorie-origine\">\n<figure style=\"height:300px;\" class=\"wp-block-post-featured-image wp-elements-af308fff6e38c59116680ecde4e20fd7\"><a href=\"https:\/\/1230682.cpsw-fcsei.com\/bsrecords\/artiste\/max-cooper\/\" target=\"_blank\"  style=\"height:300px\"><img loading=\"lazy\" decoding=\"async\" width=\"1500\" height=\"1000\" src=\"https:\/\/1230682.cpsw-fcsei.com\/bsrecords\/wp-content\/uploads\/2024\/05\/max-cooper1.jpg\" class=\"attachment-post-thumbnail size-post-thumbnail wp-post-image\" alt=\"Max Cooper\" style=\"height:300px;object-fit:cover;\" \/><\/a><\/figure>\n\n\n<hr class=\"wp-block-separator has-text-color has-css-opacity has-background alignwide is-style-wide\" style=\"background-color:#ffffff;color:#ffffff\"\/>\n\n\n\n<div class=\"wp-block-columns alignwide are-vertically-aligned-center is-layout-flex wp-container-core-columns-is-layout-28f84493 wp-block-columns-is-layout-flex\">\n<div class=\"wp-block-column is-vertically-aligned-center is-layout-flow wp-block-column-is-layout-flow\" style=\"flex-basis:80%\"><h2 style=\"color:#ffffff; font-size:clamp(33.419px, 2.089rem + ((1vw - 3.2px) * 2.769), 60px);line-height:1.1;\" class=\"has-text-align-left wp-block-post-title has-text-color\"><a href=\"https:\/\/1230682.cpsw-fcsei.com\/bsrecords\/artiste\/max-cooper\/\" target=\"_self\" >Max Cooper<\/a><\/h2><\/div>\n\n\n\n<div class=\"wp-block-column is-vertically-aligned-center is-layout-flow wp-block-column-is-layout-flow\" style=\"flex-basis:20%\"><div style=\"color:#ffffff;\" class=\"wp-block-post-date has-text-color has-extra-small-font-size\"><time datetime=\"2024-05-27T11:41:51-04:00\">27 May 2024<\/time><\/div><\/div>\n<\/div>\n\n<\/li><li class=\"wp-block-post post-31 artiste type-artiste status-publish has-post-thumbnail hentry artiste-categorie-origine\">\n<figure style=\"height:300px;\" class=\"wp-block-post-featured-image wp-elements-af308fff6e38c59116680ecde4e20fd7\"><a href=\"https:\/\/1230682.cpsw-fcsei.com\/bsrecords\/artiste\/moderat\/\" target=\"_blank\"  style=\"height:300px\"><img loading=\"lazy\" decoding=\"async\" width=\"1200\" height=\"630\" src=\"https:\/\/1230682.cpsw-fcsei.com\/bsrecords\/wp-content\/uploads\/2024\/05\/moderat-membres2.jpg\" class=\"attachment-post-thumbnail size-post-thumbnail wp-post-image\" alt=\"Moderat\" style=\"height:300px;object-fit:cover;\" \/><\/a><\/figure>\n\n\n<hr class=\"wp-block-separator has-text-color has-css-opacity has-background alignwide is-style-wide\" style=\"background-color:#ffffff;color:#ffffff\"\/>\n\n\n\n<div class=\"wp-block-columns alignwide are-vertically-aligned-center is-layout-flex wp-container-core-columns-is-layout-28f84493 wp-block-columns-is-layout-flex\">\n<div class=\"wp-block-column is-vertically-aligned-center is-layout-flow wp-block-column-is-layout-flow\" style=\"flex-basis:80%\"><h2 style=\"color:#ffffff; font-size:clamp(33.419px, 2.089rem + ((1vw - 3.2px) * 2.769), 60px);line-height:1.1;\" class=\"has-text-align-left wp-block-post-title has-text-color\"><a href=\"https:\/\/1230682.cpsw-fcsei.com\/bsrecords\/artiste\/moderat\/\" target=\"_self\" >Moderat<\/a><\/h2><\/div>\n\n\n\n<div class=\"wp-block-column is-vertically-aligned-center is-layout-flow wp-block-column-is-layout-flow\" style=\"flex-basis:20%\"><div style=\"color:#ffffff;\" class=\"wp-block-post-date has-text-color has-extra-small-font-size\"><time datetime=\"2024-05-27T11:33:29-04:00\">27 May 2024<\/time><\/div><\/div>\n<\/div>\n\n<\/li><\/ul><\/div>\n<\/div>\n\n\n\n<div class=\"wp-block-group alignfull has-custom-e-1-e-1-e-1-color has-custom-262626-background-color has-text-color has-background is-layout-flow wp-block-group-is-layout-flow\" style=\"padding-top:100px;padding-right:100px;padding-bottom:100px;padding-left:100px\">\n<div class=\"wp-block-columns is-layout-flex wp-container-core-columns-is-layout-28f84493 wp-block-columns-is-layout-flex\">\n<div class=\"wp-block-column has-global-padding is-layout-constrained wp-block-column-is-layout-constrained\" style=\"flex-basis:100%\">\n<h2 class=\"wp-block-heading alignwide has-custom-e-1-e-1-e-1-color has-text-color has-link-color has-xx-large-font-size wp-elements-f690c3e4db8085bd9fb2fc9ddca3bd83\" style=\"margin-right:0;margin-left:0;padding-right:0;padding-left:0\">ANN\u00c9ES<\/h2>\n<\/div>\n<\/div>\n\n\n\n<hr class=\"wp-block-separator has-text-color has-css-opacity has-background alignwide is-style-wide\" style=\"background-color:#ffffff;color:#ffffff\"\/>\n\n\n\n<div class=\"wp-block-query has-global-padding is-content-justification-center is-layout-constrained wp-block-query-is-layout-constrained\"><ul class=\"has-link-color columns-2 alignwide wp-elements-af308fff6e38c59116680ecde4e20fd7 wp-block-post-template has-text-color has-custom-e-1-e-1-e-1-color is-layout-grid wp-container-core-post-template-is-layout-02493678 wp-block-post-template-is-layout-grid\"><li class=\"wp-block-post post-40 artiste type-artiste status-publish has-post-thumbnail hentry artiste-categorie-annees\">\n<figure style=\"height:300px;\" class=\"wp-block-post-featured-image wp-elements-af308fff6e38c59116680ecde4e20fd7\"><a href=\"https:\/\/1230682.cpsw-fcsei.com\/bsrecords\/artiste\/rival-consoles\/\" target=\"_blank\"  style=\"height:300px\"><img loading=\"lazy\" decoding=\"async\" width=\"1080\" height=\"1080\" src=\"https:\/\/1230682.cpsw-fcsei.com\/bsrecords\/wp-content\/uploads\/2024\/05\/rivalconsoles3.jpg\" class=\"attachment-post-thumbnail size-post-thumbnail wp-post-image\" alt=\"Rival Consoles\" style=\"height:300px;object-fit:cover;\" \/><\/a><\/figure>\n\n\n<hr class=\"wp-block-separator has-text-color has-css-opacity has-background alignwide is-style-wide\" style=\"background-color:#ffffff;color:#ffffff\"\/>\n\n\n\n<div class=\"wp-block-columns alignwide are-vertically-aligned-center is-layout-flex wp-container-core-columns-is-layout-28f84493 wp-block-columns-is-layout-flex\">\n<div class=\"wp-block-column is-vertically-aligned-center is-layout-flow wp-block-column-is-layout-flow\" style=\"flex-basis:80%\"><h2 style=\"color:#ffffff; font-size:clamp(33.419px, 2.089rem + ((1vw - 3.2px) * 2.769), 60px);line-height:1.1;\" class=\"has-text-align-left wp-block-post-title has-text-color\"><a href=\"https:\/\/1230682.cpsw-fcsei.com\/bsrecords\/artiste\/rival-consoles\/\" target=\"_self\" >Rival Consoles<\/a><\/h2><\/div>\n\n\n\n<div class=\"wp-block-column is-vertically-aligned-center is-layout-flow wp-block-column-is-layout-flow\" style=\"flex-basis:20%\"><div style=\"color:#ffffff;\" class=\"wp-block-post-date has-text-color has-extra-small-font-size\"><time datetime=\"2024-05-31T11:16:48-04:00\">31 May 2024<\/time><\/div><\/div>\n<\/div>\n\n<\/li><li class=\"wp-block-post post-34 artiste type-artiste status-publish has-post-thumbnail hentry artiste-categorie-annees\">\n<figure style=\"height:300px;\" class=\"wp-block-post-featured-image wp-elements-af308fff6e38c59116680ecde4e20fd7\"><a href=\"https:\/\/1230682.cpsw-fcsei.com\/bsrecords\/artiste\/lorn\/\" target=\"_blank\"  style=\"height:300px\"><img loading=\"lazy\" decoding=\"async\" width=\"1200\" height=\"900\" src=\"https:\/\/1230682.cpsw-fcsei.com\/bsrecords\/wp-content\/uploads\/2024\/05\/lorn1.jpg\" class=\"attachment-post-thumbnail size-post-thumbnail wp-post-image\" alt=\"Lorn\" style=\"height:300px;object-fit:cover;\" \/><\/a><\/figure>\n\n\n<hr class=\"wp-block-separator has-text-color has-css-opacity has-background alignwide is-style-wide\" style=\"background-color:#ffffff;color:#ffffff\"\/>\n\n\n\n<div class=\"wp-block-columns alignwide are-vertically-aligned-center is-layout-flex wp-container-core-columns-is-layout-28f84493 wp-block-columns-is-layout-flex\">\n<div class=\"wp-block-column is-vertically-aligned-center is-layout-flow wp-block-column-is-layout-flow\" style=\"flex-basis:80%\"><h2 style=\"color:#ffffff; font-size:clamp(33.419px, 2.089rem + ((1vw - 3.2px) * 2.769), 60px);line-height:1.1;\" class=\"has-text-align-left wp-block-post-title has-text-color\"><a href=\"https:\/\/1230682.cpsw-fcsei.com\/bsrecords\/artiste\/lorn\/\" target=\"_self\" >Lorn<\/a><\/h2><\/div>\n\n\n\n<div class=\"wp-block-column is-vertically-aligned-center is-layout-flow wp-block-column-is-layout-flow\" style=\"flex-basis:20%\"><div style=\"color:#ffffff;\" class=\"wp-block-post-date has-text-color has-extra-small-font-size\"><time datetime=\"2024-05-27T11:43:42-04:00\">27 May 2024<\/time><\/div><\/div>\n<\/div>\n\n<\/li><\/ul><\/div>\n<\/div>\n\n\n\n<div class=\"wp-block-group alignfull has-global-padding is-layout-constrained wp-container-core-group-is-layout-cb151cc7 wp-block-group-is-layout-constrained has-background\" id=\"infolettre\" style=\"margin-top:0;margin-bottom:0;padding-top:0;padding-right:var(--wp--preset--spacing--50);padding-bottom:0;padding-left:var(--wp--preset--spacing--50);background-image:url(&apos;https:\/\/1230682.cpsw-fcsei.com\/bsrecords\/wp-content\/uploads\/2024\/06\/crt-monitor-abstract-4k-gz-2880x1800-1.jpg&apos;);background-position:48% 100%;background-size:cover;\">\n<div class=\"wp-block-group alignfull has-custom-e-1-e-1-e-1-color has-text-color has-link-color wp-elements-20bd2b3eb5e782736a0196852e58c3ec has-global-padding is-layout-constrained wp-container-core-group-is-layout-32a46761 wp-block-group-is-layout-constrained has-background\" style=\"border-radius:0px;margin-top:0;margin-bottom:0;padding-top:var(--wp--preset--spacing--40);padding-right:var(--wp--preset--spacing--50);padding-bottom:var(--wp--preset--spacing--40);padding-left:var(--wp--preset--spacing--50);background-position:50% 100%;\">\n<div class=\"wp-block-group alignwide has-background is-layout-flow wp-block-group-is-layout-flow\" style=\"border-radius:24px;background:linear-gradient(122deg,rgba(7,146,227,0) 13%,rgb(38,38,38) 25%,rgb(38,38,38) 73%,rgba(155,81,224,0) 85%);min-height:0px;margin-top:0;margin-bottom:0;padding-top:0;padding-right:0;padding-bottom:0;padding-left:0\">\n<div style=\"height:var(--wp--preset--spacing--10)\" aria-hidden=\"true\" class=\"wp-block-spacer\"><\/div>\n\n\n\n<div class=\"wp-block-group alignwide is-content-justification-center is-nowrap is-layout-flex wp-container-core-group-is-layout-705673d6 wp-block-group-is-layout-flex\" style=\"margin-top:0;margin-bottom:0;padding-bottom:var(--wp--preset--spacing--20)\">\n<h2 class=\"wp-block-heading has-text-align-center has-custom-e-1-e-1-e-1-color has-text-color has-link-color has-x-large-font-size wp-elements-4901e6738b1b34f3a3576a676abcaafc\">RESTER SUR LE TEMPO<\/h2>\n\n\n\n<h2 class=\"wp-block-heading texte-points\"><code>[...]<\/code><\/h2>\n<\/div>\n\n\n\n<p class=\"has-text-align-center\">Inscrivez-vous \u00e0 l&#8217;infolettre pour recevoir votre dose continuelle<br>de distorsions sonores.<\/p>\n\n\n\n<div class=\"wp-block-buttons is-content-justification-center is-layout-flex wp-container-core-buttons-is-layout-a89b3969 wp-block-buttons-is-layout-flex\">\n<div class=\"wp-block-button is-style-outline is-style-outline--3\"><a class=\"wp-block-button__link wp-element-button\">Incrivez-vous!<\/a><\/div>\n<\/div>\n\n\n\n<div style=\"height:var(--wp--preset--spacing--10)\" aria-hidden=\"true\" class=\"wp-block-spacer\"><\/div>\n<\/div>\n<\/div>\n<\/div>\n","protected":false},"excerpt":{"rendered":"<p>BROKEN SOUNDSRECORDS Plus que simplement des sons : sans limites, sans fronti\u00e8res ORIGINES ANN\u00c9ES RESTER SUR LE TEMPO [&#8230;] Inscrivez-vous \u00e0 l&#8217;infolettre pour recevoir votre dose continuellede distorsions sonores.<\/p>\n","protected":false},"author":1,"featured_media":0,"parent":0,"menu_order":0,"comment_status":"closed","ping_status":"closed","template":"","meta":{"_acf_changed":false,"footnotes":""},"class_list":["post-132","page","type-page","status-publish","hentry"],"acf":[],"_links":{"self":[{"href":"https:\/\/1230682.cpsw-fcsei.com\/bsrecords\/wp-json\/wp\/v2\/pages\/132","targetHints":{"allow":["GET"]}}],"collection":[{"href":"https:\/\/1230682.cpsw-fcsei.com\/bsrecords\/wp-json\/wp\/v2\/pages"}],"about":[{"href":"https:\/\/1230682.cpsw-fcsei.com\/bsrecords\/wp-json\/wp\/v2\/types\/page"}],"author":[{"embeddable":true,"href":"https:\/\/1230682.cpsw-fcsei.com\/bsrecords\/wp-json\/wp\/v2\/users\/1"}],"replies":[{"embeddable":true,"href":"https:\/\/1230682.cpsw-fcsei.com\/bsrecords\/wp-json\/wp\/v2\/comments?post=132"}],"version-history":[{"count":11,"href":"https:\/\/1230682.cpsw-fcsei.com\/bsrecords\/wp-json\/wp\/v2\/pages\/132\/revisions"}],"predecessor-version":[{"id":274,"href":"https:\/\/1230682.cpsw-fcsei.com\/bsrecords\/wp-json\/wp\/v2\/pages\/132\/revisions\/274"}],"wp:attachment":[{"href":"https:\/\/1230682.cpsw-fcsei.com\/bsrecords\/wp-json\/wp\/v2\/media?parent=132"}],"curies":[{"name":"wp","href":"https:\/\/api.w.org\/{rel}","templated":true}]}}